{"id":3,"date":"2023-10-12T16:50:05","date_gmt":"2023-10-12T19:50:05","guid":{"rendered":"https:\/\/pillowmed.com.br\/?page_id=3"},"modified":"2023-10-13T18:32:47","modified_gmt":"2023-10-13T21:32:47","slug":"politica-de-privacidade","status":"publish","type":"page","link":"https:\/\/pillowmed.com.br\/index.php\/politica-de-privacidade\/","title":{"rendered":"Pol\u00edtica de Privacidade"},"content":{"rendered":"\t\t<div data-elementor-type=\"wp-page\" data-elementor-id=\"3\" class=\"elementor elementor-3\" data-elementor-post-type=\"page\">\n\t\t\t\t<div class=\"elementor-element elementor-element-3c7cb902 e-flex e-con-boxed e-con e-parent\" data-id=\"3c7cb902\" data-element_type=\"container\">\n\t\t\t\t\t<div class=\"e-con-inner\">\n\t\t\t\t<div class=\"elementor-element elementor-element-2a24073d elementor-widget elementor-widget-text-editor\" data-id=\"2a24073d\" data-element_type=\"widget\" data-widget_type=\"text-editor.default\">\n\t\t\t\t<div class=\"elementor-widget-container\">\n\t\t\t<style>\/*! elementor - v3.21.0 - 30-04-2024 *\/\n.elementor-widget-text-editor.elementor-drop-cap-view-stacked .elementor-drop-cap{background-color:#69727d;color:#fff}.elementor-widget-text-editor.elementor-drop-cap-view-framed .elementor-drop-cap{color:#69727d;border:3px solid;background-color:transparent}.elementor-widget-text-editor:not(.elementor-drop-cap-view-default) .elementor-drop-cap{margin-top:8px}.elementor-widget-text-editor:not(.elementor-drop-cap-view-default) .elementor-drop-cap-letter{width:1em;height:1em}.elementor-widget-text-editor .elementor-drop-cap{float:left;text-align:center;line-height:1;font-size:50px}.elementor-widget-text-editor .elementor-drop-cap-letter{display:inline-block}<\/style>\t\t\t\t<p><!-- wp:paragraph --><\/p>\n<p>A empresa tem como ponto de honra de sua atua\u00e7\u00e3o o respeito \u00e0 privacidade dos clientes e total garantia de sigilo \u00e0s suas informa\u00e7\u00f5es fornecidas digitalmente, inclusive em rela\u00e7\u00e3o aos seus dados cadastrais.<\/p>\n<p><!-- \/wp:paragraph --><\/p>\n<p><!-- wp:paragraph --><\/p>\n<p><span style=\"color: #1f5da5; font-family: Poppins, sans-serif; font-size: 30px; font-weight: 600; white-space-collapse: collapse;\">Uso e Seguran\u00e7a das informa\u00e7\u00f5es:<\/span><\/p>\n<p><!-- \/wp:paragraph --><\/p>\n<p><!-- wp:paragraph --><\/p>\n<p>Seu nome, endere\u00e7o, e-mail e telefones ser\u00e3o usados apenas como meio de contato entre o Pillowmed e voc\u00ea.<\/p>\n<p><!-- \/wp:paragraph --><\/p>\n<p><!-- wp:paragraph --><\/p>\n<p>S\u00f3 enviaremos mensagens por e-mail referentes aos nossos produtos, novidades e servi\u00e7os. E apenas quando solicitadas por voc\u00ea.<\/p>\n<p><!-- \/wp:paragraph --><\/p>\n<p><!-- wp:paragraph --><\/p>\n<p>Eventuais compartilhamentos de dados pessoais acontecer\u00e3o somente em circunst\u00e2ncias como ordens judiciais ou outras previstas em lei.<\/p>\n<p><!-- \/wp:paragraph --><\/p>\n<p><!-- wp:paragraph --><\/p>\n<p>As medidas de seguran\u00e7a adotadas inibem acesso, altera\u00e7\u00e3o, divulga\u00e7\u00e3o ou destrui\u00e7\u00e3o n\u00e3o autorizada dos dados. Apenas funcion\u00e1rios, contratantes e agentes do Pillowmed, todos com compromisso de confidencialidade, t\u00eam acesso \u00e0s informa\u00e7\u00f5es, por raz\u00f5es profissionais.<\/p>\n<p><!-- \/wp:paragraph --><\/p>\n<p><!-- wp:heading {\"level\":4} --><\/p>\n<h4 class=\"wp-block-heading\">Cookies:<\/h4>\n<p><!-- \/wp:heading --><\/p>\n<p><!-- wp:paragraph --><\/p>\n<p>Usados apenas para reconhecer um visitante constante e para melhorar sua experi\u00eancia de navega\u00e7\u00e3o. Se desejar, voc\u00ea pode apagar cookies por meio do browser.<\/p>\n<p><!-- \/wp:paragraph --><\/p>\n<p><!-- wp:heading {\"level\":4} --><\/p>\n<h4 class=\"wp-block-heading\">Envio de e-mails:<\/h4>\n<p><!-- \/wp:heading --><\/p>\n<p><!-- wp:paragraph --><\/p>\n<p>Nunca ser\u00e3o enviados e-mails solicitando confirma\u00e7\u00e3o de dados ou cadastro com anexos execut\u00e1veis (extens\u00e3o exe, com, scr, bat) ou links para download.<\/p>\n<p><!-- \/wp:paragraph --><\/p>\n<p><!-- wp:paragraph --><\/p>\n<p>Nossos e-mails com informa\u00e7\u00f5es s\u00e3o remetidos por contato@pillowmed.com.br<\/p>\n<p><!-- \/wp:paragraph --><\/p>\n<p><!-- wp:paragraph --><\/p>\n<p>Os links de nossos e-mails levam diretamente para o site do Pillowmed ou para um dos hotsites de nossos produtos ou promo\u00e7\u00f5es.<\/p>\n<p><!-- \/wp:paragraph --><\/p>\n<p><!-- wp:paragraph --><\/p>\n<p>Se desejar cancelar o recebimento de nossos e-mails, clique no link \u201cremova aqui\u201d, no rodap\u00e9 de cada e-mail enviado.<\/p>\n<p><!-- \/wp:paragraph --><\/p>\n<p><!-- wp:paragraph --><\/p>\n<p>Em caso de d\u00favidas, sugest\u00f5es ou solicita\u00e7\u00e3o de remo\u00e7\u00e3o do contato, por favor, nos contate pelo e-mail contato@pillowmed.com.br ou pelo telefone 11 2838-7151.<\/p>\n<p><!-- \/wp:paragraph --><\/p>\n<p><!-- wp:heading {\"level\":4} --><\/p>\n<h4 class=\"wp-block-heading\">Altera\u00e7\u00f5es na pol\u00edtica de privacidade:<\/h4>\n<p><!-- \/wp:heading --><\/p>\n<p><!-- wp:paragraph --><\/p>\n<p>Esta Pol\u00edtica de Privacidade pode ser alterada periodicamente, mas, em nenhum caso, reduzir\u00e1 os seus direitos sem o seu consentimento expl\u00edcito.<\/p>\n<p><!-- \/wp:paragraph --><\/p>\n<p><!-- wp:paragraph --><\/p>\n<p>Publicaremos todas as altera\u00e7\u00f5es da Pol\u00edtica de Privacidade nesta p\u00e1gina e, se as altera\u00e7\u00f5es forem significativas, vamos inserir um aviso com mais destaque, incluindo, para alguns servi\u00e7os, notifica\u00e7\u00e3o por e-mail.\u00a0<\/p>\n<p><!-- \/wp:paragraph --><\/p>\t\t\t\t\t\t<\/div>\n\t\t\t\t<\/div>\n\t\t\t\t\t<\/div>\n\t\t\t\t<\/div>\n\t\t\t\t<\/div>\n\t\t","protected":false},"excerpt":{"rendered":"<p>A empresa tem como ponto de honra de sua atua\u00e7\u00e3o o respeito \u00e0 privacidade dos clientes e total garantia de sigilo \u00e0s suas informa\u00e7\u00f5es fornecidas digitalmente, inclusive em rela\u00e7\u00e3o aos seus dados cadastrais. Uso e Seguran\u00e7a das informa\u00e7\u00f5es: Seu nome, endere\u00e7o, e-mail e telefones ser\u00e3o usados apenas como meio de contato entre o Pillowmed e [&hellip;]<\/p>\n","protected":false},"author":1,"featured_media":0,"parent":0,"menu_order":0,"comment_status":"closed","ping_status":"closed","template":"","meta":{"footnotes":""},"_links":{"self":[{"href":"https:\/\/pillowmed.com.br\/index.php\/wp-json\/wp\/v2\/pages\/3"}],"collection":[{"href":"https:\/\/pillowmed.com.br\/index.php\/wp-json\/wp\/v2\/pages"}],"about":[{"href":"https:\/\/pillowmed.com.br\/index.php\/wp-json\/wp\/v2\/types\/page"}],"author":[{"embeddable":true,"href":"https:\/\/pillowmed.com.br\/index.php\/wp-json\/wp\/v2\/users\/1"}],"replies":[{"embeddable":true,"href":"https:\/\/pillowmed.com.br\/index.php\/wp-json\/wp\/v2\/comments?post=3"}],"version-history":[{"count":0,"href":"https:\/\/pillowmed.com.br\/index.php\/wp-json\/wp\/v2\/pages\/3\/revisions"}],"wp:attachment":[{"href":"https:\/\/pillowmed.com.br\/index.php\/wp-json\/wp\/v2\/media?parent=3"}],"curies":[{"name":"wp","href":"https:\/\/api.w.org\/{rel}","templated":true}]}}